64 - 58. Let r(w) = v*w**2 - 1623*w + 1623*w. What is r(y)?
6
Let k(b) = 3*b**2 + 7*b - 10. Let s(f) = -2*f**2 - 8*f + 9. Let i(a) = 3*k(a) + 4*s(a). What is i(5)?
-24
Suppose q - 9 + 3 = -2*d, q - 21 = -5*d. Let n be (-9)/2*q/(-3). Let t(z) be the third derivative of -z**4/24 - z**3/3 + 1253*z**2. What is t(n)?
4
Let j(o) be the second derivative of -o**4/12 + 3*o**3/2 - 6*o**2 + 4*o. What is j(8)?
-4
Let z(d) = 3*d - 52. Let w(b) = b**3 + 6*b**2 + 5*b + 16. Let y be w(-5). Let t be z(y). Let q(u) = -u. What is q(t)?
4
Let h(u) = -13*u + 1. Let v(r) = 17*r - 1. Let i(a) = -4*h(a) - 3*v(a). Let y = 4 + -10. Determine i(y).
-7
Let t(c) be the second derivative of c**4/12 - c**3 + c**2/2 + 112*c. Calculate t(4).
-7
Let m(y) = -5*y**2 - 7*y - 5. Let x be (-3 - 1)*54/54. Determine m(x).
-57
Suppose -65 = -8*v - 5*v. Let y(r) = -r**2 - 4*r - 2 + v*r - 3*r. Calculate y(-2).
-2
Let q(v) be the third derivative of v**5/60 - 7*v**4/24 + 2*v**3/3 - 2*v**2 - 27*v. What is q(5)?
-6
Suppose -5*v - 2 = -s, -v = 2*v + 4*s - 8. Let j(d) = 23 + 25 + 25 + d - 79. Give j(v).
-6
Suppose -14*v = -11*v + 6. Let b(n) = n**3 + 4*n**2 + 2*n - 2. Determine b(v).
2
Let n(u) = 7*u**2 - 2*u - 46. Let f(t) = t**2 - 6. Let h(k) = 6*f(k) - n(k). Give h(5).
-5
Suppose 80 = -0*n + 5*n. Let k(q) = 9 - 39 + n + q + 20. Determine k(-8).
-2
Let l(g) be the third derivative of 3/20*g**5 + 1/120*g**6 + 0 + 0*g + 26*g**2 + 1/12*g**4 + 13/6*g**3. Give l(-9).
-5
Suppose x + 44 = 4*n - 8*n, -3*n = x + 46. Let b = 56 + x. Let q(m) be the third derivative of m**6/120 - m**5/12 + m**4/6 - m**3 + m**2. What is q(b)?
-6
Suppose 0 = -q + 3*l - 12, -6*q - 5*l = -3*q - 20. Let w(o) = -o**3 + o**2 - o + 40. Calculate w(q).
40
Let s(x) be the second derivative of -x**3/3 - 2*x**2 - 2*x + 34. Determine s(-5).
6
Let j(a) = 4*a**2 - a - 1. Let f be j(2). Suppose -8*q - 10 = -f*q. Let n = q - -1. Let w(g) = g**3 - 2*g**2 + g - 1. What is w(n)?
11
Let u(f) = 2*f**2 - f - 1. Let p be u(-1). Let i(g) = 3*g**p - g - 1 + 7*g**2 - 2*g**2. Determine i(-1).
8
Let o(d) = 4*d. Let z(l) = 19*l - 24. Let g(u) = 4*o(u) - z(u). What is g(6)?
6
Let z(a) = -200 - 205 + 5*a - a**2 + 400. Determine z(6).
-11
Let z(a) be the third derivative of a**6/120 + a**5/15 + a**4/6 + a**3/2 - 64*a**2 - 2. Give z(-4).
-13
Let a be -4 - ((-2457)/(-26))/(-21). Let c(n) be the second derivative of 0 - a*n**2 - 1/6*n**3 + 14*n. What is c(4)?
-5
Let s(p) = -p**2 - 2*p - 5. Let g(x) = -9*x**2 + 17*x - 15. Let f be g(1). What is s(f)?
-40
Let b(u) = -u**2 + 6*u + 18. Let k be b(6). Suppose -3*q - 2*s + k = 0, -s = 3*q - 0*s - 21. Let j(a) = a**3 - 9*a**2 + 9*a - 10. Give j(q).
-2
Let r = -19 - -22. Suppose 0*t + 3 = t - r*i, -3*i = -3*t + 33. Let o(m) = -t + 15 + 12*m. Calculate o(1).
12
Let l(w) be the third derivative of -1/24*w**4 + 0 + w**2 + 0*w + 7/6*w**3. Suppose -2*g - 2 = p, 0*g + g = 3*p + 6. What is l(g)?
7
Let w(o) = -3*o**2 + 2*o - 2. Let b(g) = -2*g**2 + 2*g - 3. Let c(d) = -3*b(d) + 4*w(d). Let s = 30 + -28. Let i be (-6)/(-6)*s/(-2). Calculate c(i).
-7
Let p(d) = d**2 - 4*d + 8. Let j be p(3). Let k(s) = 2*s**2 + 6*s + 2. Let t(w) = w**2 + 1. Let o(q) = k(q) - 3*t(q). Determine o(j).
4
Let j(k) = k**2 - 181*k + 361*k - 2*k**2 - 2 - 183*k. Calculate j(-3).
-2
Let b(j) = -j**3 - 12*j**2 + 14*j + 16. Let z be b(-13). Suppose z*x = 4*y + 19, -x + 0*y = y + 3. Let f(i) = -6*i**3. Determine f(x).
-6
Suppose -14 = -p + 11. Suppose 5*o - p = -0*o. Suppose -o*d - 6 = 9. Let x(m) = m**3 + m**2 - 4*m - 1. What is x(d)?
-7
Let t(h) = 6*h**2 + 1. Suppose -s = 4*u + 17, 3*u + 65 + 20 = -5*s. Let q(w) = -w**2 - 18*w - 18. Let d be q(s). Calculate t(d).
7
Let f(d) = -17 + 12*d + 17*d + 17*d - 44*d. Give f(0).
-17
Suppose -6*v - 7523 = -7535. Let f(q) = 2 + 2*q - 1 + q**2 + 0*q. Determine f(v).
9
Let b(q) = -q**2 - 5*q - 14. Let c(j) = -j**2 - j + 5. Let i(h) = b(h) - 2*c(h). What is i(6)?
-6
Let t(l) = 307*l**2 - 7*l. Let b(q) = 867*q**2 - 20*q. Let p(i) = 6*b(i) - 17*t(i). Let x = 4 - 2. Suppose 3*f - 1 = c - 7, x*c = 4*f + 10. What is p(f)?
-16
Let w(v) = v + 19. Let k be w(-12). Let y(i) = -k*i - 3*i + 1 + i + 4*i. What is y(2)?
-9
Let h(m) be the first derivative of m**5/20 + m**4/12 - m**2 + 5*m + 4. Let p(z) be the first derivative of h(z). Calculate p(-2).
-6
Let n(f) be the second derivative of -f**4/12 - f**3/6 - 7*f**2/2 + 631*f. Let d(t) = -t**3 - 4*t**2 + 4*t - 5. Let r be d(-5). Give n(r).
-7
Let z(s) be the second derivative of -1/12*s**4 + 0 + 6*s + 3/2*s**2 - 1/2*s**3. Suppose -a - y + 4 = -3*y, 0 = 3*a - 4*y - 4. Determine z(a).
-1
Let o(b) = -7*b + 5. Let y(p) = 19*p - 15. Let i(z) = -8*o(z) - 3*y(z). Let k be ((-26)/6)/(1/3). Let w = 18 + k. Calculate i(w).
0
Let r(c) = -2*c**2 - 3*c - 1. Let y(k) = -k**2 - 7*k + 24. Let z be y(-9). Suppose -3*w = 5*v - 0*w + 22, 0 = -3*v + 3*w + z. Calculate r(v).
-3
Suppose 23 = -5*r + q, 2*q = -0 + 6. Let u(p) = -p**3 - 5*p**2 - 3*p + 8. Give u(r).
4
Let a(k) be the first derivative of -k**4/4 + 2*k**3 - k**2 + 9*k - 2. Let m(f) be the second derivative of f**3/6 - f. Let c be m(6). Give a(c).
-3
Let i(v) = v. Suppose 35*g = 14 + 56. Give i(g).
2
Let y(b) = -b**3 - 12*b**2 - 17*b + 41. Let p be y(-10). Let a(v) = v**2 - 9*v - 14. Determine a(p).
8
Let n be 6/4 + (-22)/4. Let s(h) = 2*h**2 + 5*h + 6. Let v be s(-3). Let t(o) = -3 - v*o + 0*o + 8*o. Determine t(n).
1
Let a(f) = -f**3 + 6*f**2 - 32*f + 20*f + 6*f + 6. Calculate a(4).
14
Suppose 4*p = -3*t + 1 + 9, 11 = 5*t + p. Let h(m) = 22*m**t + 2*m - 5*m**2 - 10*m**2 - 8*m**2. Suppose -3*w = 2*o + 2, o = -w - 3*o + 6. Determine h(w).
-8
Let h(a) = -5*a**3 - 3 - 9*a**2 + 4 - 7*a**2 - a + 17*a**2. Let x = -13 + 20. Suppose 0*n = 2*n + 2*y, 2*y + x = 5*n. What is h(n)?
-4
Let k be (43 + -41)*(-3)/(-2). Let x(s) be the third derivative of -1/2*s**k - 6*s**2 + 0 + 0*s - 1/24*s**4. Calculate x(4).
-7
Let o(t) = 7*t**3 + 0*t**3 + 2*t**2 - t**3 - 4 - 5*t**3. What is o(-3)?
-13
Let b(z) = 6*z + 12. Let h(s) = s + 1. Let g(t) = b(t) - 5*h(t). Let c(l) = -l - 5. Let v(r) = 7*c(r) + 5*g(r). Give v(-4).
8
Let h(s) = s**2 - 8. Let f(n) = n**2 + n - 9. Suppose -2*g + 4 = -2. Let d(o) = g*f(o) - 4*h(o). Calculate d(5).
-5
Suppose -c - 5*n = 0, c + 74*n + 1 = 70*n. Let p(k) = k**2 + 2*k - 7. Determine p(c).
8
Let v(j) = j - 5. Let p be (5/(-25))/((-2)/50). Calculate v(p).
0
Let s(j) be the third derivative of -j**4/24 - 5*j**3/3 - 5*j**2. Let k be (2/(-1))/1 - 3. What is s(k)?
-5
Let z(j) = j**2 + 4*j + 1. Suppose -44 = 5*o + 21. Let s(m) = -m - 19. Let i be s(o). Calculate z(i).
13
Let a(g) be the third derivative of 0 + 0*g - 1/8*g**4 + 1/60*g**5 - 1/6*g**3 + g**2. Let s = -20975 + 20978. What is a(s)?
-1
Let i(d) = -3*d**2 - 3*d - 13. Suppose -l + 2 = -4. Let n(z) = -z**2 - l + 2*z - 5*z + 2*z. Let k(v) = 2*i(v) - 5*n(v). Determine k(3).
-8
Let l(t) = -2*t**2 + 6*t - 1. Let p(i) = i**2 + 9*i + 12. Suppose 4*g + 48 = -4*b, 4*g - 5*b + 7 = -5. Let z be p(g). What is l(z)?
-9
Let s = 44 - 43. Let a(d) = -4*d - 1. Determine a(s).
-5
Let s(c) be the third derivative of c**5/60 - c**4/8 + 7*c**3/6 - 8*c**2. Let h(f) be the first derivative of s(f). Give h(4).
5
Let s(n) be the second derivative of 0 - n + 1/180*n**6 + 0*n**2 - 1/24*n**4 - 1/2*n**3 + 0*n**5. Let j(o) be the second derivative of s(o). What is j(-1)?
1
Let i(y) = y**2 - 15*y - 4. Let s be ((-76)/(-40) - (-4)/(-10))*10. Let j be i(s). Let n(u) = -u - 1. What is n(j)?
3
Let v be (-17)/(-4) - (-4)/(-16). Let g be (v + -4)/(2 + -4). Let c(r) = -3*r**2 - r + 2 + 2*r**2 - 9 - 1. What is c(g)?
-8
Let j(k) = -k - 4. Suppose -5*l - 363 = 6*l. Let s = -30 - l. Give j(s).
-7
Suppose -10*x - 35 = -5*x. Let j be x/(-35) + 32/(-10). Let h(r) = r**3 + 3*r**2 + 2*r. What is h(j)?
-6
Let y = 597 + -578. Let l(u) = -u**2 + 20*u - 9. Calculate l(y).
10
Let q(l) = l**3 - 34*l**2 + 37*l - 136. Let h be q(33). Let z(t) = -t**3 - 2*t**2 - t - 5. Determine z(h).
31
Suppose 2*d = s + 13, 20*d - 15*d - 5*s - 25 = 0. Let z(k) = 2*k - 12. What is z(d)?
4
Let b(d) be the first derivative of d**4/4 - 5*d**3/3 + 3*d**2/2 - 2*d - 13. Suppose -o - 1 = 2*k - 3*k, -6 = -2*o. Give b(k).
-6
Let f be (8 + -2 - 4)/(-1). Let z(w) be the first derivative of w**4/4 + 2*w**3/3 - w**2 - 2*w + 74. Determine z(f).
2
Let m be (